{"id":3495,"date":"2020-02-07T02:16:59","date_gmt":"2020-02-07T02:16:59","guid":{"rendered":"https:\/\/demo.casethemes.net\/consultio-corporate2\/?page_id=3495"},"modified":"2025-03-11T22:48:31","modified_gmt":"2025-03-11T22:48:31","slug":"about-v-4","status":"publish","type":"page","link":"https:\/\/fritzliz.at\/index.php\/about-v-4\/","title":{"rendered":"s"},"content":{"rendered":"\t\t<div data-elementor-type=\"wp-page\" data-elementor-id=\"3495\" class=\"elementor elementor-3495\">\n\t\t\t\t        <section class=\"elementor-section elementor-top-section elementor-element elementor-element-405838a elementor-section-stretched elementor-section-boxed elementor-section-height-default elementor-section-height-default ct-header-fixed-none ct-row-max-none\" data-id=\"405838a\" data-element_type=\"section\" data-settings=\"{&quot;stretch_section&quot;:&quot;section-stretched&quot;}\">\n            \n                        <div class=\"elementor-container elementor-column-gap-extended \">\n                    <div class=\"elementor-column elementor-col-100 elementor-top-column elementor-element elementor-element-1ce7f96\" data-id=\"1ce7f96\" data-element_type=\"column\">\n        <div class=\"elementor-widget-wrap elementor-element-populated\">\n                    \n        \t\t<div class=\"elementor-element elementor-element-58ee4e0 elementor-widget elementor-widget-ct_heading\" data-id=\"58ee4e0\" data-element_type=\"widget\" data-widget_type=\"ct_heading.default\">\n\t\t\t\t<div class=\"elementor-widget-container\">\n\t\t\t\t\t<div class=\"ct-heading h-align-center  sub-style1 ct-heading-left item-st-default\">\r\n\t    <h3 class=\"item--title st-default \" data-wow-delay=\"ms\">\r\n                <span class=\"sp-main\">\r\n            \r\n            Entdecken Sie unsere Reise und  <i><br>Zukunftspl\u00e4ne<\/i>\r\n                            <span class=\"ct-typingout-typed\" data-period=\"600\" data-type='[ \n\n\n\n\n\n\n\n ]'>\r\n                    <span class=\"ct-typingout-animation\"><\/span>\r\n                <\/span>\r\n            \r\n                    <\/span>\r\n            <\/h3>\r\n<\/div>\t\t\t\t<\/div>\n\t\t\t\t<\/div>\n\t\t\t\t<div class=\"elementor-element elementor-element-b273c7e elementor-widget elementor-widget-ct_particle_animate\" data-id=\"b273c7e\" data-element_type=\"widget\" data-widget_type=\"ct_particle_animate.default\">\n\t\t\t\t<div class=\"elementor-widget-container\">\n\t\t\t\t\t\t<div class=\"ct-particle-animate el-move-parents\">\r\n\t\t\t\t    <div id=\"ct_particle_animate-b273c7e0\" class=\"animate-none \"  data-wow-delay=\"ms\">\r\n\t\t    \t<div class=\"ct-inline-css\"  data-css=\"\r\n\t\t            .ct-particle-animate #ct_particle_animate-b273c7e0 {\r\n\t\t                left: 13px;\r\n\t\t                top: 34px;\r\n\t\t            }\">\r\n\t\t        <\/div>\r\n\t\t    \t\t\t\r\n\t\t    <\/div>\r\n\t\t\t<\/div>\r\n\t\t\t\t<\/div>\n\t\t\t\t<\/div>\n\t\t        <section class=\"elementor-section elementor-inner-section elementor-element elementor-element-964116f elementor-section-boxed elementor-section-height-default elementor-section-height-default ct-header-fixed-none ct-row-max-none\" data-id=\"964116f\" data-element_type=\"section\">\n            \n                        <div class=\"elementor-container elementor-column-gap-extended \">\n                    <div class=\"elementor-column elementor-col-50 elementor-inner-column elementor-element elementor-element-9836137\" data-id=\"9836137\" data-element_type=\"column\">\n        <div class=\"elementor-widget-wrap elementor-element-populated\">\n                    \n        \t\t<div class=\"elementor-element elementor-element-e762ddd elementor-widget elementor-widget-image\" data-id=\"e762ddd\" data-element_type=\"widget\" data-widget_type=\"image.default\">\n\t\t\t\t<div class=\"elementor-widget-container\">\n\t\t\t\t\t\t\t\t\t\t\t\t\t\t\t<img fetchpriority=\"high\" decoding=\"async\" width=\"1536\" height=\"1717\" src=\"https:\/\/fritzliz.at\/wp-content\/uploads\/2025\/03\/10BC3A26-E415-4C57-B2F8-CFD27510DB72-1-e1741728930582.jpeg\" class=\"attachment-full size-full wp-image-5605\" alt=\"\" srcset=\"https:\/\/fritzliz.at\/wp-content\/uploads\/2025\/03\/10BC3A26-E415-4C57-B2F8-CFD27510DB72-1-e1741728930582.jpeg 1536w, https:\/\/fritzliz.at\/wp-content\/uploads\/2025\/03\/10BC3A26-E415-4C57-B2F8-CFD27510DB72-1-e1741728930582-268x300.jpeg 268w, https:\/\/fritzliz.at\/wp-content\/uploads\/2025\/03\/10BC3A26-E415-4C57-B2F8-CFD27510DB72-1-e1741728930582-916x1024.jpeg 916w, https:\/\/fritzliz.at\/wp-content\/uploads\/2025\/03\/10BC3A26-E415-4C57-B2F8-CFD27510DB72-1-e1741728930582-768x859.jpeg 768w, https:\/\/fritzliz.at\/wp-content\/uploads\/2025\/03\/10BC3A26-E415-4C57-B2F8-CFD27510DB72-1-e1741728930582-1374x1536.jpeg 1374w\" sizes=\"(max-width: 1536px) 100vw, 1536px\" \/>\t\t\t\t\t\t\t\t\t\t\t\t\t\t\t<\/div>\n\t\t\t\t<\/div>\n\t\t            <\/div>\n        <\/div>\n                <div class=\"elementor-column elementor-col-50 elementor-inner-column elementor-element elementor-element-8120ebf elementor-invisible\" data-id=\"8120ebf\" data-element_type=\"column\" data-settings=\"{&quot;background_background&quot;:&quot;classic&quot;,&quot;animation&quot;:&quot;fadeInRight&quot;}\">\n        <div class=\"elementor-widget-wrap elementor-element-populated\">\n                    \n        \t\t<div class=\"elementor-element elementor-element-7ad2563 elementor-widget elementor-widget-ct_text_editor\" data-id=\"7ad2563\" data-element_type=\"widget\" data-widget_type=\"ct_text_editor.default\">\n\t\t\t\t<div class=\"elementor-widget-container\">\n\t\t\t\t\t<div id=\"ct_text_editor-7ad2563\" class=\"ct-text-editor \" data-wow-delay=\"ms\">\n\t<div class=\"ct-inline-css\"  data-css=\"\n        \t\t\">\n\n    <\/div>\n\t<div class=\"ct-text-editor elementor-clearfix\">\n\t\t<div class=\"flex max-w-full flex-col flex-grow\"><div class=\"min-h-8 text-message relative flex w-full flex-col items-end gap-2 whitespace-normal break-words text-start [.text-message+&amp;]:mt-5\" dir=\"auto\" data-message-author-role=\"assistant\" data-message-id=\"838abce5-c1e2-44de-a5b2-f36382e24059\" data-message-model-slug=\"gpt-4o\"><div class=\"flex w-full flex-col gap-1 empty:hidden first:pt-[3px]\"><div class=\"markdown prose w-full break-words dark:prose-invert light\"><p data-start=\"23\" data-end=\"357\">Wir sind ein engagiertes und philosophisches \u00f6sterreichisches Paar, das seit 2016 gemeinsam eine bemerkenswerte Reise hinter sich hat. Unsere Liebesgeschichte ist von Beharrlichkeit und Leidenschaft gepr\u00e4gt und gipfelt in einer wundersch\u00f6nen Ehe im Jahr 2022, nachdem wir zahlreiche b\u00fcrokratische Herausforderungen gemeistert haben.<\/p><p data-start=\"359\" data-end=\"772\">Bei Fritzliz m\u00f6chten wir mehr als nur unsere pers\u00f6nlichen Erfahrungen teilen. Wir m\u00f6chten Ihnen einen Einblick in unsere Welt geben. Unsere Website ist eine herzliche Einladung, unsere gemeinsamen Momente, Tr\u00e4ume und Zukunftsw\u00fcnsche zu erkunden. \u00dcber diese Plattform bieten wir einen Einblick in unser Leben mit pers\u00f6nlichen Fotos und Geschichten, die unsere Reise und die Liebe widerspiegeln, die wir sch\u00e4tzen.<\/p><p data-start=\"774\" data-end=\"1148\" data-is-last-node=\"\" data-is-only-node=\"\">Unsere Website dient als pers\u00f6nlicher Raum, in dem Sie mit uns in Kontakt treten und mehr \u00fcber unsere vergangenen, gegenw\u00e4rtigen und zuk\u00fcnftigen Unternehmungen erfahren k\u00f6nnen. Wir freuen uns, unser Angebot in den kommenden Monaten um einzigartige Waren wie individuell gestaltete T-Shirts zu erweitern, die unseren pers\u00f6nlichen Stil und unsere Leidenschaften widerspiegeln.<\/p><\/div><\/div><\/div><\/div>\t\t\n\t<\/div>\n<\/div>\t\t\t\t<\/div>\n\t\t\t\t<\/div>\n\t\t            <\/div>\n        <\/div>\n                    <\/div>\n        <\/section>\n                    <\/div>\n        <\/div>\n                    <\/div>\n        <\/section>\n                <section class=\"elementor-section elementor-top-section elementor-element elementor-element-ef298b6 elementor-section-boxed elementor-section-height-default elementor-section-height-default ct-header-fixed-none ct-row-max-none\" data-id=\"ef298b6\" data-element_type=\"section\">\n            \n                        <div class=\"elementor-container elementor-column-gap-default \">\n                    <div class=\"elementor-column elementor-col-100 elementor-top-column elementor-element elementor-element-71959b7\" data-id=\"71959b7\" data-element_type=\"column\">\n        <div class=\"elementor-widget-wrap elementor-element-populated\">\n                    \n        \t\t<div class=\"elementor-element elementor-element-9ee1d26 elementor-widget elementor-widget-spacer\" data-id=\"9ee1d26\" data-element_type=\"widget\" data-widget_type=\"spacer.default\">\n\t\t\t\t<div class=\"elementor-widget-container\">\n\t\t\t\t\t\t\t<div class=\"elementor-spacer\">\n\t\t\t<div class=\"elementor-spacer-inner\"><\/div>\n\t\t<\/div>\n\t\t\t\t\t\t<\/div>\n\t\t\t\t<\/div>\n\t\t            <\/div>\n        <\/div>\n                    <\/div>\n        <\/section>\n        \t\t<\/div>\n\t\t","protected":false},"excerpt":{"rendered":"<p>Entdecken Sie unsere Reise und Zukunftspl\u00e4ne Wir sind ein engagiertes und philosophisches \u00f6sterreichisches Paar, das seit 2016 gemeinsam eine bemerkenswerte Reise hinter sich hat. Unsere Liebesgeschichte ist von Beharrlichkeit und Leidenschaft gepr\u00e4gt und gipfelt in einer wundersch\u00f6nen Ehe im Jahr 2022, nachdem wir zahlreiche b\u00fcrokratische Herausforderungen gemeistert haben. Bei Fritzliz m\u00f6chten wir mehr als nur [&hellip;]<\/p>\n","protected":false},"author":2,"featured_media":0,"parent":0,"menu_order":0,"comment_status":"closed","ping_status":"closed","template":"","meta":{"footnotes":""},"class_list":["post-3495","page","type-page","status-publish","hentry"],"_links":{"self":[{"href":"https:\/\/fritzliz.at\/index.php\/wp-json\/wp\/v2\/pages\/3495","targetHints":{"allow":["GET"]}}],"collection":[{"href":"https:\/\/fritzliz.at\/index.php\/wp-json\/wp\/v2\/pages"}],"about":[{"href":"https:\/\/fritzliz.at\/index.php\/wp-json\/wp\/v2\/types\/page"}],"author":[{"embeddable":true,"href":"https:\/\/fritzliz.at\/index.php\/wp-json\/wp\/v2\/users\/2"}],"replies":[{"embeddable":true,"href":"https:\/\/fritzliz.at\/index.php\/wp-json\/wp\/v2\/comments?post=3495"}],"version-history":[{"count":0,"href":"https:\/\/fritzliz.at\/index.php\/wp-json\/wp\/v2\/pages\/3495\/revisions"}],"wp:attachment":[{"href":"https:\/\/fritzliz.at\/index.php\/wp-json\/wp\/v2\/media?parent=3495"}],"curies":[{"name":"wp","href":"https:\/\/api.w.org\/{rel}","templated":true}]}}